{"id":6444,"date":"2020-04-02T20:05:49","date_gmt":"2020-04-02T18:05:49","guid":{"rendered":"https:\/\/fc.imagox.com\/?page_id=6444"},"modified":"2020-06-12T14:31:10","modified_gmt":"2020-06-12T12:31:10","slug":"the-sara-puig-institute-for-the-arts","status":"publish","type":"page","link":"https:\/\/www.thefeuerlecollection.org\/en\/the-sara-puig-institute-for-the-arts\/","title":{"rendered":"THE SARA PUIG INSTITUTE FOR THE ARTS"},"content":{"rendered":"<div class=\"wpb-content-wrapper\">[vc_row ct_row_stretch=&#8221;stretch_row&#8221; full_height=&#8221;yes&#8221; columns_placement=&#8221;top&#8221; content_placement=&#8221;top&#8221; ct_bg_image=&#8221;60&#8243; ct_bg_repeat=&#8221;no-repeat&#8221; ct_bg_size=&#8221;contain&#8221; ct_bg_position=&#8221;center right&#8221;][vc_column width=&#8221;1\/2&#8243;]<div class=\"ult-spacer spacer-69f5837338039\" data-id=\"69f5837338039\" data-height=\"133\" data-height-mobile=\"133\" data-height-tab=\"133\" data-height-tab-portrait=\"\" data-height-mobile-landscape=\"\" style=\"clear:both;display:block;\"><\/div>[vc_custom_heading text=&#8221;THE SARA PUIG INSTITUTE FOR THE ARTS&#8221; font_container=&#8221;tag:h1|text_align:left&#8221; use_theme_fonts=&#8221;yes&#8221;]<div class=\"ult-spacer spacer-69f583733807d\" data-id=\"69f583733807d\" data-height=\"18\" data-height-mobile=\"18\" data-height-tab=\"18\" data-height-tab-portrait=\"\" data-height-mobile-landscape=\"\" style=\"clear:both;display:block;\"><\/div>[vc_column_text]The Sara Puig Institute for the Arts was created with the goal of displaying the permanent exhibition of The Feuerle Collection, including The Feuerle Incense Room, and showing new temporary exhibitions, curated by D\u00e9sir\u00e9 Feuerle. Furthermore, it will host special events and promote the discussion around The Feuerle Concept.<\/p>\n<p>The Sara Puig Institute for the Arts has a permanent seat at Hallesches Ufer 70 Berlin, in the former telecommunications bunker renovated by John Pawson, which opened its doors in order to provide the world with an opportunity to enjoy D\u00e9sir\u00e9 Feuerle\u2019s private collection as well as groundbreaking artistic vision and understanding.<\/p>\n<p>Sara Puig is Founder of The Sara Puig Institute for the Arts and current President of the Fundaci\u00f3 Joan Mir\u00f3, Barcelona, where she has been a Trustee since 2014. From 1998 to 2013, she was Director of Fundaci\u00f3n Francisco Godia in Barcelona, Spain.<\/p>\n<p>For more information please contact <a href=\"mailto:info@thefeuerlecollection.org\">info@thefeuerlecollection.org<\/a>[\/vc_column_text]<div class=\"ult-spacer spacer-69f58373380a5\" data-id=\"69f58373380a5\" data-height=\"\" data-height-mobile=\"100\" data-height-tab=\"\" data-height-tab-portrait=\"\" data-height-mobile-landscape=\"100\" style=\"clear:both;display:block;\"><\/div>[\/vc_column][vc_column width=&#8221;1\/2&#8243;][\/vc_column][\/vc_row][vc_row ct_row_stretch=&#8221;&#8221;][vc_column][vc_column_text el_class=&#8221;fc-credit-text&#8221;]Head of Avalokiteshvara, Khmer,\u00a0Bayon, 12-13<sup>th<\/sup>C, stone[\/vc_column_text]<div class=\"ult-spacer spacer-69f58373380c4\" data-id=\"69f58373380c4\" data-height=\"10\" data-height-mobile=\"10\" data-height-tab=\"10\" data-height-tab-portrait=\"\" data-height-mobile-landscape=\"\" style=\"clear:both;display:block;\"><\/div>[\/vc_column][\/vc_row]\n<\/div>","protected":false},"excerpt":{"rendered":"<p>[vc_row ct_row_stretch=&#8221;stretch_row&#8221; full_height=&#8221;yes&#8221; columns_placement=&#8221;top&#8221; content_placement=&#8221;top&#8221; ct_bg_image=&#8221;60&#8243; ct_bg_repeat=&#8221;no-repeat&#8221; ct_bg_size=&#8221;contain&#8221; ct_bg_position=&#8221;center right&#8221;][vc_column width=&#8221;1\/2&#8243;][vc_custom_heading text=&#8221;THE SARA PUIG INSTITUTE FOR THE ARTS&#8221; font_container=&#8221;tag:h1|text_align:left&#8221; use_theme_fonts=&#8221;yes&#8221;][vc_column_text]The Sara Puig Institute for the Arts was created with the goal of displaying the permanent exhibition of The Feuerle Collection, including The Feuerle Incense Room, and showing new temporary exhibitions, curated by D\u00e9sir\u00e9 Feuerle. Furthermore, &#8230;<\/p>\n","protected":false},"author":4,"featured_media":0,"parent":0,"menu_order":0,"comment_status":"closed","ping_status":"closed","template":"","meta":{"inline_featured_image":false,"footnotes":""},"class_list":["post-6444","page","type-page","status-publish","hentry"],"yoast_head":"<!-- This site is optimized with the Yoast SEO plugin v27.3 - https:\/\/yoast.com\/product\/yoast-seo-wordpress\/ -->\n<title>THE SARA PUIG INSTITUTE FOR THE ARTS - The Feuerle Collection<\/title>\n<meta name=\"robots\" content=\"index, follow, max-snippet:-1, max-image-preview:large, max-video-preview:-1\" \/>\n<link rel=\"canonical\" href=\"https:\/\/www.thefeuerlecollection.org\/en\/the-sara-puig-institute-for-the-arts\/\" \/>\n<meta property=\"og:locale\" content=\"en_US\" \/>\n<meta property=\"og:type\" content=\"article\" \/>\n<meta property=\"og:title\" content=\"THE SARA PUIG INSTITUTE FOR THE ARTS - The Feuerle Collection\" \/>\n<meta property=\"og:description\" content=\"[vc_row ct_row_stretch=&#8221;stretch_row&#8221; full_height=&#8221;yes&#8221; columns_placement=&#8221;top&#8221; content_placement=&#8221;top&#8221; ct_bg_image=&#8221;60&#8243; ct_bg_repeat=&#8221;no-repeat&#8221; ct_bg_size=&#8221;contain&#8221; ct_bg_position=&#8221;center right&#8221;][vc_column width=&#8221;1\/2&#8243;][vc_custom_heading text=&#8221;THE SARA PUIG INSTITUTE FOR THE ARTS&#8221; font_container=&#8221;tag:h1|text_align:left&#8221; use_theme_fonts=&#8221;yes&#8221;][vc_column_text]The Sara Puig Institute for the Arts was created with the goal of displaying the permanent exhibition of The Feuerle Collection, including The Feuerle Incense Room, and showing new temporary exhibitions, curated by D\u00e9sir\u00e9 Feuerle. Furthermore, ...\" \/>\n<meta property=\"og:url\" content=\"https:\/\/www.thefeuerlecollection.org\/en\/the-sara-puig-institute-for-the-arts\/\" \/>\n<meta property=\"og:site_name\" content=\"The Feuerle Collection\" \/>\n<meta property=\"article:modified_time\" content=\"2020-06-12T12:31:10+00:00\" \/>\n<meta name=\"twitter:card\" content=\"summary_large_image\" \/>\n<meta name=\"twitter:label1\" content=\"Est. reading time\" \/>\n\t<meta name=\"twitter:data1\" content=\"1 minute\" \/>\n<script type=\"application\/ld+json\" class=\"yoast-schema-graph\">{\"@context\":\"https:\\\/\\\/schema.org\",\"@graph\":[{\"@type\":\"WebPage\",\"@id\":\"https:\\\/\\\/www.thefeuerlecollection.org\\\/en\\\/the-sara-puig-institute-for-the-arts\\\/\",\"url\":\"https:\\\/\\\/www.thefeuerlecollection.org\\\/en\\\/the-sara-puig-institute-for-the-arts\\\/\",\"name\":\"THE SARA PUIG INSTITUTE FOR THE ARTS - The Feuerle Collection\",\"isPartOf\":{\"@id\":\"https:\\\/\\\/www.thefeuerlecollection.org\\\/en\\\/#website\"},\"datePublished\":\"2020-04-02T18:05:49+00:00\",\"dateModified\":\"2020-06-12T12:31:10+00:00\",\"breadcrumb\":{\"@id\":\"https:\\\/\\\/www.thefeuerlecollection.org\\\/en\\\/the-sara-puig-institute-for-the-arts\\\/#breadcrumb\"},\"inLanguage\":\"en-US\",\"potentialAction\":[{\"@type\":\"ReadAction\",\"target\":[\"https:\\\/\\\/www.thefeuerlecollection.org\\\/en\\\/the-sara-puig-institute-for-the-arts\\\/\"]}]},{\"@type\":\"BreadcrumbList\",\"@id\":\"https:\\\/\\\/www.thefeuerlecollection.org\\\/en\\\/the-sara-puig-institute-for-the-arts\\\/#breadcrumb\",\"itemListElement\":[{\"@type\":\"ListItem\",\"position\":1,\"name\":\"Home\",\"item\":\"https:\\\/\\\/www.thefeuerlecollection.org\\\/en\\\/\"},{\"@type\":\"ListItem\",\"position\":2,\"name\":\"THE SARA PUIG INSTITUTE FOR THE ARTS\"}]},{\"@type\":\"WebSite\",\"@id\":\"https:\\\/\\\/www.thefeuerlecollection.org\\\/en\\\/#website\",\"url\":\"https:\\\/\\\/www.thefeuerlecollection.org\\\/en\\\/\",\"name\":\"The Feuerle Collection\",\"description\":\"Visit our Collection\",\"publisher\":{\"@id\":\"https:\\\/\\\/www.thefeuerlecollection.org\\\/en\\\/#organization\"},\"potentialAction\":[{\"@type\":\"SearchAction\",\"target\":{\"@type\":\"EntryPoint\",\"urlTemplate\":\"https:\\\/\\\/www.thefeuerlecollection.org\\\/en\\\/?s={search_term_string}\"},\"query-input\":{\"@type\":\"PropertyValueSpecification\",\"valueRequired\":true,\"valueName\":\"search_term_string\"}}],\"inLanguage\":\"en-US\"},{\"@type\":\"Organization\",\"@id\":\"https:\\\/\\\/www.thefeuerlecollection.org\\\/en\\\/#organization\",\"name\":\"The Feuerle Collection\",\"url\":\"https:\\\/\\\/www.thefeuerlecollection.org\\\/en\\\/\",\"logo\":{\"@type\":\"ImageObject\",\"inLanguage\":\"en-US\",\"@id\":\"https:\\\/\\\/www.thefeuerlecollection.org\\\/en\\\/#\\\/schema\\\/logo\\\/image\\\/\",\"url\":\"https:\\\/\\\/www.thefeuerlecollection.org\\\/wp-content\\\/uploads\\\/2020\\\/02\\\/the-feuerle-collection_logo_500x158.png\",\"contentUrl\":\"https:\\\/\\\/www.thefeuerlecollection.org\\\/wp-content\\\/uploads\\\/2020\\\/02\\\/the-feuerle-collection_logo_500x158.png\",\"width\":500,\"height\":158,\"caption\":\"The Feuerle Collection\"},\"image\":{\"@id\":\"https:\\\/\\\/www.thefeuerlecollection.org\\\/en\\\/#\\\/schema\\\/logo\\\/image\\\/\"}}]}<\/script>\n<!-- \/ Yoast SEO plugin. -->","yoast_head_json":{"title":"THE SARA PUIG INSTITUTE FOR THE ARTS - The Feuerle Collection","robots":{"index":"index","follow":"follow","max-snippet":"max-snippet:-1","max-image-preview":"max-image-preview:large","max-video-preview":"max-video-preview:-1"},"canonical":"https:\/\/www.thefeuerlecollection.org\/en\/the-sara-puig-institute-for-the-arts\/","og_locale":"en_US","og_type":"article","og_title":"THE SARA PUIG INSTITUTE FOR THE ARTS - The Feuerle Collection","og_description":"[vc_row ct_row_stretch=&#8221;stretch_row&#8221; full_height=&#8221;yes&#8221; columns_placement=&#8221;top&#8221; content_placement=&#8221;top&#8221; ct_bg_image=&#8221;60&#8243; ct_bg_repeat=&#8221;no-repeat&#8221; ct_bg_size=&#8221;contain&#8221; ct_bg_position=&#8221;center right&#8221;][vc_column width=&#8221;1\/2&#8243;][vc_custom_heading text=&#8221;THE SARA PUIG INSTITUTE FOR THE ARTS&#8221; font_container=&#8221;tag:h1|text_align:left&#8221; use_theme_fonts=&#8221;yes&#8221;][vc_column_text]The Sara Puig Institute for the Arts was created with the goal of displaying the permanent exhibition of The Feuerle Collection, including The Feuerle Incense Room, and showing new temporary exhibitions, curated by D\u00e9sir\u00e9 Feuerle. Furthermore, ...","og_url":"https:\/\/www.thefeuerlecollection.org\/en\/the-sara-puig-institute-for-the-arts\/","og_site_name":"The Feuerle Collection","article_modified_time":"2020-06-12T12:31:10+00:00","twitter_card":"summary_large_image","twitter_misc":{"Est. reading time":"1 minute"},"schema":{"@context":"https:\/\/schema.org","@graph":[{"@type":"WebPage","@id":"https:\/\/www.thefeuerlecollection.org\/en\/the-sara-puig-institute-for-the-arts\/","url":"https:\/\/www.thefeuerlecollection.org\/en\/the-sara-puig-institute-for-the-arts\/","name":"THE SARA PUIG INSTITUTE FOR THE ARTS - The Feuerle Collection","isPartOf":{"@id":"https:\/\/www.thefeuerlecollection.org\/en\/#website"},"datePublished":"2020-04-02T18:05:49+00:00","dateModified":"2020-06-12T12:31:10+00:00","breadcrumb":{"@id":"https:\/\/www.thefeuerlecollection.org\/en\/the-sara-puig-institute-for-the-arts\/#breadcrumb"},"inLanguage":"en-US","potentialAction":[{"@type":"ReadAction","target":["https:\/\/www.thefeuerlecollection.org\/en\/the-sara-puig-institute-for-the-arts\/"]}]},{"@type":"BreadcrumbList","@id":"https:\/\/www.thefeuerlecollection.org\/en\/the-sara-puig-institute-for-the-arts\/#breadcrumb","itemListElement":[{"@type":"ListItem","position":1,"name":"Home","item":"https:\/\/www.thefeuerlecollection.org\/en\/"},{"@type":"ListItem","position":2,"name":"THE SARA PUIG INSTITUTE FOR THE ARTS"}]},{"@type":"WebSite","@id":"https:\/\/www.thefeuerlecollection.org\/en\/#website","url":"https:\/\/www.thefeuerlecollection.org\/en\/","name":"The Feuerle Collection","description":"Visit our Collection","publisher":{"@id":"https:\/\/www.thefeuerlecollection.org\/en\/#organization"},"potentialAction":[{"@type":"SearchAction","target":{"@type":"EntryPoint","urlTemplate":"https:\/\/www.thefeuerlecollection.org\/en\/?s={search_term_string}"},"query-input":{"@type":"PropertyValueSpecification","valueRequired":true,"valueName":"search_term_string"}}],"inLanguage":"en-US"},{"@type":"Organization","@id":"https:\/\/www.thefeuerlecollection.org\/en\/#organization","name":"The Feuerle Collection","url":"https:\/\/www.thefeuerlecollection.org\/en\/","logo":{"@type":"ImageObject","inLanguage":"en-US","@id":"https:\/\/www.thefeuerlecollection.org\/en\/#\/schema\/logo\/image\/","url":"https:\/\/www.thefeuerlecollection.org\/wp-content\/uploads\/2020\/02\/the-feuerle-collection_logo_500x158.png","contentUrl":"https:\/\/www.thefeuerlecollection.org\/wp-content\/uploads\/2020\/02\/the-feuerle-collection_logo_500x158.png","width":500,"height":158,"caption":"The Feuerle Collection"},"image":{"@id":"https:\/\/www.thefeuerlecollection.org\/en\/#\/schema\/logo\/image\/"}}]}},"_links":{"self":[{"href":"https:\/\/www.thefeuerlecollection.org\/en\/wp-json\/wp\/v2\/pages\/6444","targetHints":{"allow":["GET"]}}],"collection":[{"href":"https:\/\/www.thefeuerlecollection.org\/en\/wp-json\/wp\/v2\/pages"}],"about":[{"href":"https:\/\/www.thefeuerlecollection.org\/en\/wp-json\/wp\/v2\/types\/page"}],"author":[{"embeddable":true,"href":"https:\/\/www.thefeuerlecollection.org\/en\/wp-json\/wp\/v2\/users\/4"}],"replies":[{"embeddable":true,"href":"https:\/\/www.thefeuerlecollection.org\/en\/wp-json\/wp\/v2\/comments?post=6444"}],"version-history":[{"count":14,"href":"https:\/\/www.thefeuerlecollection.org\/en\/wp-json\/wp\/v2\/pages\/6444\/revisions"}],"predecessor-version":[{"id":10599,"href":"https:\/\/www.thefeuerlecollection.org\/en\/wp-json\/wp\/v2\/pages\/6444\/revisions\/10599"}],"wp:attachment":[{"href":"https:\/\/www.thefeuerlecollection.org\/en\/wp-json\/wp\/v2\/media?parent=6444"}],"curies":[{"name":"wp","href":"https:\/\/api.w.org\/{rel}","templated":true}]}}

<div class="wpb-content-wrapper">[vc_row ct_row_stretch=&#8221;stretch_row&#8221; full_height=&#8221;yes&#8221; columns_placement=&#8221;top&#8221; content_placement=&#8221;top&#8221; ct_bg_image=&#8221;60&#8243; ct_bg_repeat=&#8221;no-repeat&#8221; ct_bg_size=&#8221;contain&#8221; ct_bg_position=&#8221;center right&#8221;][vc_column width=&#8221;1/2&#8243;]<div class="ult-spacer spacer-69f5837338039" data-id="69f5837338039" data-height="133" data-height-mobile="133" data-height-tab="133" data-height-tab-portrait="" data-height-mobile-landscape="" style="clear:both;display:block;"></div>[vc_custom_heading text=&#8221;THE SARA PUIG INSTITUTE FOR THE ARTS&#8221; font_container=&#8221;tag:h1|text_align:left&#8221; use_theme_fonts=&#8221;yes&#8221;]<div class="ult-spacer spacer-69f583733807d" data-id="69f583733807d" data-height="18" data-height-mobile="18" data-height-tab="18" data-height-tab-portrait="" data-height-mobile-landscape="" style="clear:both;display:block;"></div>[vc_column_text]The Sara Puig Institute for the Arts was created with the goal of displaying the permanent exhibition of The Feuerle Collection, including The Feuerle Incense Room, and showing new temporary exhibitions, curated by Désiré Feuerle. Furthermore, it will host special events and promote the discussion around The Feuerle Concept.</p>
<p>The Sara Puig Institute for the Arts has a permanent seat at Hallesches Ufer 70 Berlin, in the former telecommunications bunker renovated by John Pawson, which opened its doors in order to provide the world with an opportunity to enjoy Désiré Feuerle’s private collection as well as groundbreaking artistic vision and understanding.</p>
<p>Sara Puig is Founder of The Sara Puig Institute for the Arts and current President of the Fundació Joan Miró, Barcelona, where she has been a Trustee since 2014. From 1998 to 2013, she was Director of Fundación Francisco Godia in Barcelona, Spain.</p>
<p>For more information please contact <a href="mailto:info@thefeuerlecollection.org">info@thefeuerlecollection.org</a>[/vc_column_text]<div class="ult-spacer spacer-69f58373380a5" data-id="69f58373380a5" data-height="" data-height-mobile="100" data-height-tab="" data-height-tab-portrait="" data-height-mobile-landscape="100" style="clear:both;display:block;"></div>[/vc_column][vc_column width=&#8221;1/2&#8243;][/vc_column][/vc_row][vc_row ct_row_stretch=&#8221;&#8221;][vc_column][vc_column_text el_class=&#8221;fc-credit-text&#8221;]Head of Avalokiteshvara, Khmer, Bayon, 12-13<sup>th</sup>C, stone[/vc_column_text]<div class="ult-spacer spacer-69f58373380c4" data-id="69f58373380c4" data-height="10" data-height-mobile="10" data-height-tab="10" data-height-tab-portrait="" data-height-mobile-landscape="" style="clear:both;display:block;"></div>[/vc_column][/vc_row]
</div>

<p>[vc_row ct_row_stretch=&#8221;stretch_row&#8221; full_height=&#8221;yes&#8221; columns_placement=&#8221;top&#8221; content_placement=&#8221;top&#8221; ct_bg_image=&#8221;60&#8243; ct_bg_repeat=&#8221;no-repeat&#8221; ct_bg_size=&#8221;contain&#8221; ct_bg_position=&#8221;center right&#8221;][vc_column width=&#8221;1/2&#8243;][vc_custom_heading text=&#8221;THE SARA PUIG INSTITUTE FOR THE ARTS&#8221; font_container=&#8221;tag:h1|text_align:left&#8221; use_theme_fonts=&#8221;yes&#8221;][vc_column_text]The Sara Puig Institute for the Arts was created with the goal of displaying the permanent exhibition of The Feuerle Collection, including The Feuerle Incense Room, and showing new temporary exhibitions, curated by Désiré Feuerle. Furthermore, &#8230;</p>

<!-- This site is optimized with the Yoast SEO plugin v27.3 - https://yoast.com/product/yoast-seo-wordpress/ -->
<title>THE SARA PUIG INSTITUTE FOR THE ARTS - The Feuerle Collection</title>
<meta name="robots" content="index, follow, max-snippet:-1, max-image-preview:large, max-video-preview:-1" />
<link rel="canonical" href="https://www.thefeuerlecollection.org/en/the-sara-puig-institute-for-the-arts/" />
<meta property="og:locale" content="en_US" />
<meta property="og:type" content="article" />
<meta property="og:title" content="THE SARA PUIG INSTITUTE FOR THE ARTS - The Feuerle Collection" />
<meta property="og:description" content="[vc_row ct_row_stretch=&#8221;stretch_row&#8221; full_height=&#8221;yes&#8221; columns_placement=&#8221;top&#8221; content_placement=&#8221;top&#8221; ct_bg_image=&#8221;60&#8243; ct_bg_repeat=&#8221;no-repeat&#8221; ct_bg_size=&#8221;contain&#8221; ct_bg_position=&#8221;center right&#8221;][vc_column width=&#8221;1/2&#8243;][vc_custom_heading text=&#8221;THE SARA PUIG INSTITUTE FOR THE ARTS&#8221; font_container=&#8221;tag:h1|text_align:left&#8221; use_theme_fonts=&#8221;yes&#8221;][vc_column_text]The Sara Puig Institute for the Arts was created with the goal of displaying the permanent exhibition of The Feuerle Collection, including The Feuerle Incense Room, and showing new temporary exhibitions, curated by Désiré Feuerle. Furthermore, ..." />
<meta property="og:url" content="https://www.thefeuerlecollection.org/en/the-sara-puig-institute-for-the-arts/" />
<meta property="og:site_name" content="The Feuerle Collection" />
<meta property="article:modified_time" content="2020-06-12T12:31:10+00:00" />
<meta name="twitter:card" content="summary_large_image" />
<meta name="twitter:label1" content="Est. reading time" />
	<meta name="twitter:data1" content="1 minute" />
<script type="application/ld+json" class="yoast-schema-graph">{"@context":"https:\/\/schema.org","@graph":[{"@type":"WebPage","@id":"https:\/\/www.thefeuerlecollection.org\/en\/the-sara-puig-institute-for-the-arts\/","url":"https:\/\/www.thefeuerlecollection.org\/en\/the-sara-puig-institute-for-the-arts\/","name":"THE SARA PUIG INSTITUTE FOR THE ARTS - The Feuerle Collection","isPartOf":{"@id":"https:\/\/www.thefeuerlecollection.org\/en\/#website"},"datePublished":"2020-04-02T18:05:49+00:00","dateModified":"2020-06-12T12:31:10+00:00","breadcrumb":{"@id":"https:\/\/www.thefeuerlecollection.org\/en\/the-sara-puig-institute-for-the-arts\/#breadcrumb"},"inLanguage":"en-US","potentialAction":[{"@type":"ReadAction","target":["https:\/\/www.thefeuerlecollection.org\/en\/the-sara-puig-institute-for-the-arts\/"]}]},{"@type":"BreadcrumbList","@id":"https:\/\/www.thefeuerlecollection.org\/en\/the-sara-puig-institute-for-the-arts\/#breadcrumb","itemListElement":[{"@type":"ListItem","position":1,"name":"Home","item":"https:\/\/www.thefeuerlecollection.org\/en\/"},{"@type":"ListItem","position":2,"name":"THE SARA PUIG INSTITUTE FOR THE ARTS"}]},{"@type":"WebSite","@id":"https:\/\/www.thefeuerlecollection.org\/en\/#website","url":"https:\/\/www.thefeuerlecollection.org\/en\/","name":"The Feuerle Collection","description":"Visit our Collection","publisher":{"@id":"https:\/\/www.thefeuerlecollection.org\/en\/#organization"},"potentialAction":[{"@type":"SearchAction","target":{"@type":"EntryPoint","urlTemplate":"https:\/\/www.thefeuerlecollection.org\/en\/?s={search_term_string}"},"query-input":{"@type":"PropertyValueSpecification","valueRequired":true,"valueName":"search_term_string"}}],"inLanguage":"en-US"},{"@type":"Organization","@id":"https:\/\/www.thefeuerlecollection.org\/en\/#organization","name":"The Feuerle Collection","url":"https:\/\/www.thefeuerlecollection.org\/en\/","logo":{"@type":"ImageObject","inLanguage":"en-US","@id":"https:\/\/www.thefeuerlecollection.org\/en\/#\/schema\/logo\/image\/","url":"https:\/\/www.thefeuerlecollection.org\/wp-content\/uploads\/2020\/02\/the-feuerle-collection_logo_500x158.png","contentUrl":"https:\/\/www.thefeuerlecollection.org\/wp-content\/uploads\/2020\/02\/the-feuerle-collection_logo_500x158.png","width":500,"height":158,"caption":"The Feuerle Collection"},"image":{"@id":"https:\/\/www.thefeuerlecollection.org\/en\/#\/schema\/logo\/image\/"}}]}</script>
<!-- / Yoast SEO plugin. -->

[vc_row ct_row_stretch=&#8221;stretch_row&#8221; full_height=&#8221;yes&#8221; columns_placement=&#8221;top&#8221; content_placement=&#8221;top&#8221; ct_bg_image=&#8221;60&#8243; ct_bg_repeat=&#8221;no-repeat&#8221; ct_bg_size=&#8221;contain&#8221; ct_bg_position=&#8221;center right&#8221;][vc_column width=&#8221;1/2&#8243;][vc_custom_heading text=&#8221;THE SARA PUIG INSTITUTE FOR THE ARTS&#8221; font_container=&#8221;tag:h1|text_align:left&#8221; use_theme_fonts=&#8221;yes&#8221;][vc_column_text]The Sara Puig Institute for the Arts was created with the goal of displaying the permanent exhibition of The Feuerle Collection, including The Feuerle Incense Room, and showing new temporary exhibitions, curated by Désiré Feuerle. Furthermore, ...
